by 123.
110
Calculate the remainder when 13316 is divided by 20.
16
What is the remainder when 473079 is divided by 157693?
0
What is the remainder when 163717 is divided by 23?
3
What is the remainder when 125766 is divided by 17966?
4
Calculate the remainder when 189763 is divided by 15.
13
Calculate the remainder when 9138 is divided by 9115.
23
Calculate the remainder when 11927 is divided by 11916.
11
What is the remainder when 7839 is divided by 101?
62
Calculate the remainder when 173538 is divided by 119.
36
Calculate the remainder when 16531 is divided by 3787.
1383
Calculate the remainder when 597 is divided by 2.
1
Calculate the remainder when 354978 is divided by 59163.
0
What is the remainder when 45727 is divided by 32?
31
What is the remainder when 28879 is divided by 22?
15
What is the remainder when 1225 is divided by 28?
21
Calculate the remainder when 144258 is divided by 72125.
8
Calculate the remainder when 119962 is divided by 269.
257
Calculate the remainder when 536985 is divided by 40.
25
Calculate the remainder when 610 is divided by 8.
2
What is the remainder when 1922 is divided by 638?
8
What is the remainder when 958411 is divided by 167?
165
Calculate the remainder when 444701 is divided by 5629.
10
Calculate the remainder when 2852 is divided by 1935.
917
What is the remainder when 7958 is divided by 795?
8
Calculate the remainder when 101987 is divided by 62.
59
What is the remainder when 7031772 is divided by 2175?
2172
What is the remainder when 4655 is divided by 2204?
247
What is the remainder when 5386 is divided by 91?
17
What is the remainder when 544219 is divided by 42?
25
What is the remainder when 23346 is divided by 5?
1
Calculate the remainder when 5684 is divided by 2754.
176
What is the remainder when 8340 is divided by 321?
315
What is the remainder when 3085 is divided by 634?
549
Calculate the remainder when 3614 is divided by 328.
6
Calculate the remainder when 26441 is divided by 215.
211
What is the remainder when 174686 is divided by 348?
338
Calculate the remainder when 792 is divided by 246.
54
Calculate the remainder when 117771 is divided by 184.
11
What is the remainder when 715609 is divided by 442?
11
Calculate the remainder when 14981 is divided by 553.
50
What is the remainder when 2123 is divided by 519?
47
What is the remainder when 834731 is divided by 34?
31
What is the remainder when 1769 is divided by 198?
185
What is the remainder when 59311 is divided by 94?
91
What is the remainder when 7192 is divided by 100?
92
What is the remainder when 49542 is divided by 604?
14
What is the remainder when 186145 is divided by 975?
895
Calculate the remainder when 6382 is divided by 6208.
174
Calculate the remainder when 28324 is divided by 2035.
1869
Calculate the remainder when 3340 is divided by 48.
28
Calculate the remainder when 1353 is divided by 31.
20
What is the remainder when 18731 is divided by 126?
83
What is the remainder when 98764 is divided by 1936?
28
Calculate the remainder when 1094 is divided by 251.
90
What is the remainder when 78 is divided by 56?
22
Calculate the remainder when 887 is divided by 389.
109
What is the remainder when 5989 is divided by 2977?
35
Calculate the remainder when 121084 is divided by 37.
20
Calculate the remainder when 37335 is divided by 49.
46
Calculate the remainder when 27924 is divided by 9297.
33
What is the remainder when 46824 is divided by 85?
74
What is the remainder when 28870 is divided by 14421?
28
What is the remainder when 41077 is divided by 8215?
2
What is the remainder when 803 is divided by 104?
75
What is the remainder when 20351 is divided by 177?
173
Calculate the remainder when 3996 is divided by 506.
454
Calculate the remainder when 10700 is divided by 255.
245
Calculate the remainder when 1295207 is divided by 35.
32
Calculate the remainder when 31238 is divided by 129.
20
Calculate the remainder when 88366 is divided by 11037.
70
Calculate the remainder when 61773 is divided by 20584.
21
What is the remainder when 111812 is divided by 47?
46
What is the remainder when 72354 is divided by 14468?
14
What is the remainder when 37900 is divided by 16?
12
What is the remainder when 23047 is divided by 507?
232
Calculate the remainder when 802 is divided by 229.
115
What is the remainder when 17041 is divided by 70?
31
What is the remainder when 6204 is divided by 2891?
422
What is the remainder when 4405 is divided by 3684?
721
What is the remainder when 35147 is divided by 37?
34
What is the remainder when 6283 is divided by 438?
151
What is the remainder when 5245 is divided by 96?
61
Calculate the remainder when 1295697 is divided by 23.
15
What is the remainder when 1615 is divided by 14?
5
Calculate the remainder when 1609064 is divided by 73.
71
Calculate the remainder when 32497 is divided by 157.
155
Calculate the remainder when 5659367 is divided by 776.
775
Calculate the remainder when 11022 is divided by 389.
130
What is the remainder when 9934 is divided by 54?
52
Calculate the remainder when 26673 is divided by 38.
35
Calculate the remainder when 347703 is divided by 196.
195
Calculate the remainder when 188177 is divided by 29.
25
Calculate the remainder when 6407 is divided by 194.
5
Calculate the remainder when 2995022 is divided by 931.
926
Calculate the remainder when 221847 is divided by 35.
17
What is the remainder when 102464 is divided by 11383?
17
What is the remainder when 1363914 is divided by 355?
4
Calculate the remainder when 616 is divided by 181.
73
Calculate the remainder when 2583 is divided by 75.
33
Calculate the remainder when 2675 is divided by 112.
99
Calculate the remainder when 47192 is divided by 321.
5
What is the remainder when 464645 is divided by 851?
850
Calculate the remainder when 14766 is divided by 208.
206
What is the remainder when 4145 is divided by 147?
29
What is the remainder when 126389 is divided by 68?
45
Calculate the remainder when 1409 is divided by 1129.
280
What is the remainder when 74869 is divided by 156?
145
Calculate the remainder when 85808 is divided by 269.
266
Calculate the remainder when 2578696 is divided by 428.
424
What is the remainder when 78777 is divided by 6051?
114
Calculate the remainder when 7586 is divided by 451.
370
Calculate the remainder when 30825 is divided by 7703.
13
What is the remainder when 1286261 is divided by 412?
409
Calculate the remainder when 12470 is divided by 890.
10
Calculate the remainder when 2947 is divided by 200.
147
Calculate the remainder when 4270 is divided by 16.
14
Calculate the remainder when 2768 is divided by 46.
8
What is the remainder when 7905 is divided by 84?
9
Calculate the remainder when 28018 is divided by 122.
80
What is the remainder when 7773 is divided by 787?
690
What is the remainder when 7347 is divided by 175?
172
Calculate the remainder when 4762 is divided by 728.
394
What is the remainder when 36033 is divided by 42?
39
Calculate the remainder when 354379 is divided by 507.
493
Calculate the remainder when 515036 is divided by 30.
26
Calculate the remainder when 4860 is divided by 588.
156
Calculate the remainder when 44433 is divided by 322.
319
What is the remainder when 10762 is divided by 5339?
84
What is the remainder when 10229 is divided by 121?
65
What is the remainder when 6651 is divided by 6647?
4
What is the remainder when 21565 is divided by 567?
19
What is the remainder when 1627076 is divided by 97?
95
Calculate the remainder when 16455 is divided by 151.
147
Calculate the remainder when 40845 is divided by 320.
205
What is the remainder when 3215 is divided by 534?
11
Calculate the remainder when 361229 is divided by 24.
5
What is the remainder when 1254 is divided by 546?
162
Calculate the remainder when 2050 is divided by 156.
22
What is the remainder when 119671 is divided by 237?
223
What is the remainder when 6006 is divided by 182?
0
Calculate the remainder when 2637 is divided by 612.
189
Calculate the remainder when 20360 is divided by 25.
10
Calculate the remainder when 307 is divided by 154.
153
Calculate the remainder when 113692 is divided by 41.
40
What is the remainder when 3650 is divided by 84?
38
What is the remainder when 4420 is divided by 